47.
1
What is the remainder when 875874 is divided by 23?
11
What is the remainder when 3935 is divided by 1309?
8
What is the remainder when 9202 is divided by 66?
28
What is the remainder when 104787 is divided by 14967?
18
Calculate the remainder when 163599 is divided by 39.
33
What is the remainder when 2425 is divided by 1173?
79
What is the remainder when 541 is divided by 484?
57
Calculate the remainder when 3255 is divided by 3231.
24
What is the remainder when 9780 is divided by 1077?
87
What is the remainder when 38906 is divided by 3?
2
What is the remainder when 20858 is divided by 342?
338
What is the remainder when 1912739 is divided by 1796?
1795
Calculate the remainder when 1801 is divided by 615.
571
Calculate the remainder when 4268 is divided by 785.
343
Calculate the remainder when 19844 is divided by 314.
62
What is the remainder when 95435 is divided by 85?
65
Calculate the remainder when 40141 is divided by 97.
80
What is the remainder when 169122 is divided by 312?
18
What is the remainder when 4372 is divided by 1435?
67
Calculate the remainder when 18551 is divided by 2649.
8
Calculate the remainder when 25089 is divided by 1929.
12
What is the remainder when 124897 is divided by 237?
235
What is the remainder when 5902 is divided by 46?
14
Calculate the remainder when 107784 is divided by 396.
72
Calculate the remainder when 226223 is divided by 51.
38
What is the remainder when 14120 is divided by 307?
305
Calculate the remainder when 6529 is divided by 225.
4
What is the remainder when 44814 is divided by 337?
330
Calculate the remainder when 385 is divided by 91.
21
Calculate the remainder when 104465 is divided by 55.
20
Calculate the remainder when 15718 is divided by 199.
196
What is the remainder when 1914 is divided by 1114?
800
Calculate the remainder when 201599 is divided by 175.
174
What is the remainder when 8233 is divided by 2669?
226
Calculate the remainder when 9026 is divided by 393.
380
What is the remainder when 24160 is divided by 24096?
64
What is the remainder when 625 is divided by 222?
181
Calculate the remainder when 238005 is divided by 6611.
9
Calculate the remainder when 24452 is divided by 401.
392
Calculate the remainder when 69646 is divided by 51.
31
Calculate the remainder when 24743 is divided by 12312.
119
What is the remainder when 554023 is divided by 249?
247
What is the remainder when 7162 is divided by 2384?
10
Calculate the remainder when 835 is divided by 828.
7
Calculate the remainder when 1891 is divided by 988.
903
Calculate the remainder when 15136 is divided by 223.
195
What is the remainder when 104 is divided by 50?
4
What is the remainder when 109097 is divided by 522?
521
What is the remainder when 8913 is divided by 2966?
15
What is the remainder when 82004 is divided by 201?
197
Calculate the remainder when 200398 is divided by 94.
84
What is the remainder when 23603 is divided by 2591?
284
Calculate the remainder when 4686 is divided by 124.
98
What is the remainder when 1233378 is divided by 7?
6
Calculate the remainder when 252911 is divided by 132.
131
What is the remainder when 63899 is divided by 852?
851
What is the remainder when 778521 is divided by 91?
16
What is the remainder when 542 is divided by 18?
2
What is the remainder when 22139 is divided by 375?
14
Calculate the remainder when 9103 is divided by 3011.
70
What is the remainder when 1331 is divided by 274?
235
What is the remainder when 38434 is divided by 70?
4
Calculate the remainder when 250155 is divided by 62535.
15
What is the remainder when 11914 is divided by 602?
476
Calculate the remainder when 5776 is divided by 68.
64
What is the remainder when 30051 is divided by 44?
43
What is the remainder when 1491 is divided by 166?
163
What is the remainder when 3388 is divided by 84?
28
Calculate the remainder when 35053 is divided by 16.
13
What is the remainder when 18038 is divided by 1543?
1065
What is the remainder when 18150 is divided by 1142?
1020
What is the remainder when 3470 is divided by 39?
38
What is the remainder when 3798 is divided by 212?
194
Calculate the remainder when 89809 is divided by 9.
7
Calculate the remainder when 28033 is divided by 21.
19
What is the remainder when 73558 is divided by 31?
26
Calculate the remainder when 112465 is divided by 105.
10
Calculate the remainder when 36664 is divided by 194.
192
What is the remainder when 27046 is divided by 43?
42
Calculate the remainder when 471 is divided by 398.
73
Calculate the remainder when 31063 is divided by 95.
93
What is the remainder when 71536 is divided by 32?
16
What is the remainder when 440494 is divided by 112?
110
Calculate the remainder when 37905 is divided by 85.
80
What is the remainder when 731 is divided by 239?
14
What is the remainder when 4476 is divided by 4416?
60
What is the remainder when 904 is divided by 16?
8
Calculate the remainder when 3639 is divided by 511.
62
What is the remainder when 173379 is divided by 20?
19
What is the remainder when 1326 is divided by 437?
15
Calculate the remainder when 217440 is divided by 80.
0
What is the remainder when 77762 is divided by 432?
2
What is the remainder when 153892 is divided by 146?
8
What is the remainder when 1534 is divided by 1241?
293
Calculate the remainder when 6953 is divided by 369.
311
Calculate the remainder when 82757 is divided by 190.
107
What is the remainder when 5862 is divided by 1393?
290
What is the remainder when 18117 is divided by 546?
99
Calculate the remainder when 324621 is divided by 16.
13
Calculate the remainder when 26472 is divided by 629.
54
What is the remainder when 92884 is divided by 1010?
974
What is the remainder when 23666 is divided by 186?
44
What is the remainder when 3542 is divided by 102?
74
What is the remainder when 3018826 is divided by 591?
589
Calculate the remainder when 6357 is divided by 6072.
285
What is the remainder when 96890 is divided by 1425?
1415
Calculate the remainder when 727 is divided by 111.
61
Calculate the remainder when 4686 is divided by 4279.
407
Calculate the remainder when 68411 is divided by 1425.
11
What is the remainder when 1922404 is divided by 5?
4
What is the remainder when 3823 is divided by 9?
7
What is the remainder when 15656 is divided by 873?
815
Calculate the remainder when 2305 is divided by 695.
220
What is the remainder when 4177 is divided by 115?
37
What is the remainder when 10603 is divided by 571?
325
What is the remainder when 37079 is divided by 294?
35
Calculate the remainder when 5949 is divided by 263.
163
Calculate the remainder when 45624 is divided by 101.
73
What is the remainder when 47518 is divided by 120?
118
Calculate the remainder when 6312 is divided by 243.
237
What is the remainder when 88426 is divided by 46?
14
What is the remainder when 643533 is divided by 14?
9
What is the remainder when 123594 is divided by 20590?
54
Calculate the remainder when 99354 is divided by 552.
546
Calculate the remainder when 57163 is divided by 158.
125
Calculate the remainder when 2788 is divided by 655.
168
What is the remainder when 322753 is divided by 71?
58
Calculate the remainder when 578253 is divided by 81.
75
Calculate the remainder when 8200 is divided by 2652.
244
Calculate the remainder when 279738 is divided by 538.
516
Calculate the remainder when 1796 is divided by 294.
32
Calculate the remainder when 8527 is divided by 110.
57
Calculate the remainder when 167984 is divided by 187.
58
Calculate the remainder when 105135 is divided by 22.
19
Calculate the remainder when 56647 is divided by 349.
109
What is the remainder when 2259 is divided by 752?
3
What is the remainder when 64971 is divided by 42?
39
Calculate the remainder when 1164802 is divided by 166.
146
Calculate the remainder when 48624 is divided by 502.
432
What is the remainder when 11893 is divided by 135?
13
What is the remainder when 21854 is divided by 139?
31
Calculate the remainder when 148 is divided by 30.
28
What is the remainder when 2167 is divided by 94?
5
Calculate the remainder when 4915 is divided by 61.
35
Calculate the remainder when 220848 is divided by 45.
33
What is the remainder when 95654 is divided by 894?
890
What is the remainder when